 prime number?
True
Is 4421 prime?
True
Is 1741517 prime?
True
Is 770942 prime?
False
Is 233578 prime?
False
Is 340211 a composite number?
False
Is 52709 composite?
False
Is 69769 a composite number?
True
Is 14173 prime?
True
Is 157367 a composite number?
True
Is 301487 prime?
True
Is 62119 a prime number?
True
Is 12203 composite?
False
Is 130499 prime?
False
Is 3863 prime?
True
Is 346618 prime?
False
Is 10903 a prime number?
True
Is 983469 composite?
True
Is 4049 prime?
True
Is 86063 a composite number?
True
Is 5077 composite?
False
Is 682637 composite?
False
Is 251279 composite?
True
Is 106999 prime?
False
Is 11341 composite?
True
Is 16481 a prime number?
True
Is 17011 a composite number?
False
Is 17351 a composite number?
False
Is 251 a composite number?
False
Is 128069 prime?
False
Is 20507 a composite number?
False
Is 20681 a composite number?
False
Is 91659 composite?
True
Is 5941 a composite number?
True
Is 38939 composite?
True
Is 6998 composite?
True
Is 58537 a prime number?
True
Is 70607 composite?
False
Is 31 a prime number?
True
Is 7807 a prime number?
False
Is 10801 composite?
True
Is 794497 composite?
True
Is 3061991 prime?
True
Is 27731 a composite number?
True
Is 2899 prime?
False
Is 3409 prime?
False
Is 25423 a prime number?
True
Is 677 a prime number?
True
Is 553669 composite?
True
Is 445829 prime?
True
Is 14005 a composite number?
True
Is 24403 a prime number?
False
Is 1693 prime?
True
Is 744265 composite?
True
Is 25879 a prime number?
False
Is 22147 a prime number?
True
Is 4569 prime?
False
Is 405211 prime?
True
Is 145709 prime?
True
Is 83737 a composite number?
False
Is 8809 a composite number?
True
Is 47237 a composite number?
False
Is 136789 a composite number?
True
Is 2977 a prime number?
False
Is 82583 composite?
True
Is 19921 a composite number?
True
Is 49157 a composite number?
False
Is 272969 prime?
False
Is 922001 prime?
False
Is 2041 composite?
True
Is 8147 a prime number?
True
Is 322511 prime?
False
Is 218287 a prime number?
True
Is 298 a composite number?
True
Is 1344201 composite?
True
Is 2245 a prime number?
False
Is 9007 a prime number?
True
Is 859517 a prime number?
False
Is 10559 a prime number?
True
Is 5304811 a prime number?
True
Is 69847 prime?
True
Is 98639 composite?
False
Is 169439 prime?
False
Is 697367 a prime number?
False
Is 14939 a prime number?
True
Is 1292791 a prime number?
False
Is 133207 prime?
False
Is 8329 a prime number?
True
Is 134 composite?
True
Is 164569 prime?
True
Is 18637 a composite number?
False
Is 16943 a composite number?
False
Is 308699 composite?
True
Is 1567 a prime number?
True
Is 221681 a composite number?
True
Is 9917 a composite number?
True
Is 22249 composite?
True
Is 191 composite?
False
Is 238619 composite?
True
Is 36251 composite?
False
Is 67823 composite?
True
Is 5939 prime?
True
Is 7233 a prime number?
False
Is 74281 a prime number?
False
Is 2748547 prime?
True
Is 219721 composite?
False
Is 143345 a composite number?
True
Is 5903 prime?
True
Is 607177 a prime number?
False
Is 463739 prime?
False
Is 1659787 a prime number?
True
Is 441445 a prime number?
False
Is 41081 a prime number?
True
Is 63634 a composite number?
True
Is 78107 a composite number?
True
Is 362081 composite?
False
Is 15947 composite?
True
Is 378533 prime?
True
Is 86441 composite?
False
Is 1087 a composite number?
False
Is 2342 composite?
True
Is 30019 a composite number?
True
Is 9259 a composite number?
True
Is 2741 composite?
False
Is 7331 prime?
True
Is 1350485 prime?
False
Is 1012811 a prime number?
True
Is 21207 composite?
True
Is 131849 prime?
True
Is 30655 a prime number?
False
Is 189461 a prime number?
False
Is 204937 prime?
False
Is 4963 a prime number?
False
Is 14341 a composite number?
False
Is 2708507 composite?
True
Is 337343 a composite number?
False
Is 4531 a composite number?
True
Is 86351 composite?
False
Is 207683 a prime number?
False
Is 10841 prime?
False
Is 48563 composite?
False
Is 7613 a composite number?
True
Is 1357249 a composite number?
True
Is 12697 a composite number?
False
Is 76811 prime?
False
Is 3967 prime?
True
Is 221021 a prime number?
True
Is 72073 a composite number?
False
Is 20717 a prime number?
True
Is 453689 prime?
False
Is 209143 a composite number?
True
Is 756043 prime?
True
Is 6689 a composite number?
False
Is 569807 a composite number?
True
Is 794467 a composite number?
True
Is 23431 a prime number?
True
Is 1077 prime?
False
Is 2217 a composite number?
True
Is 40741 composite?
True
Is 2411 a prime number?
True
Is 16886 a composite number?
True
Is 49187 a prime number?
False
Is 1014802 a composite number?
True
Is 230431 a composite number?
False
Is 177 a prime number?
False
Is 17291 a composite number?
False
Is 5554 a composite number?
True
Is 16603 composite?
False
Is 9589 composite?
True
Is 43567 a prime number?
False
Is 273551 prime?
True
Is 73007 prime?
False
Is 7993 a prime number?
True
Is 29663 a composite number?
False
Is 251 a prime number?
True
Is 860809 a prime number?
True
Is 188107 prime?
True
Is 7129 a composite number?
False
Is 44753 a composite number?
False
Is 1287101 a composite number?
False
Is 8059 a composite number?
False
Is 12079 a composite number?
True
Is 522919 a composite number?
False
Is 1211341 a prime number?
False
Is 175493 prime?
True
Is 29947 composite?
False
Is 24902 a composite number?
True
Is 55109 a composite number?
False
Is 2459 composite?
False
Is 238613 a prime number?
False
Is 13577 a prime number?
True
Is 25378 a composite number?
True
Is 383707 prime?
False
Is 71761 composite?
False
Is 6686 prime?
False
Is 541817 prime?
True
Is 56431 composite?
False
Is 10777 a composite number?
True
Is 56299 a composite number?
False
Is 272419 prime?
False
Is 342593 a prime number?
True
Is 18679 a composite number?
False
Is 10391 composite?
False
Is 35693 a prime number?
False
Is 25501 a composite number?
True
Is 8057 composite?
True
Is 302483 a prime number?
True
Is 442003 a prime number?
True
Is 1760861 prime?
False
Is 723785 prime?
False
Is 78157 prime?
True
Is 919167 a composite number?
True
Is 1313 a composite number?
True
Is 67097 a prime number?
False
Is 6761 prime?
True
Is 413411 composite?
False
Is 54521 composite?
False
Is 630127 a composite number?
False
Is 87881 a prime number?
True
Is 269131 composite?
False
Is 391103 prime?
True
Is 1441607 a composite number?
True
Is 375677 composite?
True
Is 59893 prime?
False
Is 10997 a prime number?
False
Is 235327 composite?
True
Is 32017 prime?
False
Is 36997 a prime number?
True
Is 41723 composite?
True
Is 30089 a composite number?
False
Is 138923 composite?
False
Is 69163 prime?
True
Is 18260039 prime?
False
Is 42554 prime?
False
Is 1303919 a composite number?
False
Is 109289 a composite number?
True
Is 2235031 composite?
False
Is 2391 a composite number?
True
Is 8747 composite?
False
Is 161201 composite?
False
Is 13021 composite?
True
Is 10061 composite?
False
Is 53553 prime?
False
Is 2075065 prime?
False
Is 3437 composite?
True
Is 48947 prime?
True
Is 1662187 a prime number?
False
Is 5854 composite?
True
Is 4663 a prime number?
True
Is 2486089 a composite number?
False
Is 1133 composite?
True
Is 124601 a prime number?
True
Is 11246 a composite number?
True
Is 105097 composite?
False
Is 514055 prime?
False
Is 235439 a prime number?
True
Is 44831 composite?
True
Is 101435 a composite number?
True
Is 1099981 a composite number?
True
Is 1517 a prime number?
False
Is 5333 composite?
False
Is 31634 prime?
False
Is 155371 a prime number?
True
Is 19069 composite?
False
Is 89743 composite?
True
Is 16018 composite?
True
Is 19477 prime?
True
Is 64907 a prime number?
False
Is 147881 prime?
True
Is 35273 a composite number?
True
Is 28463 composite?
False
Is 7177 composite?
False
Is 1175053 prime?
False
Is 11989 composite?
True
Is 2897 composite?
False
Is 34495 prime?
False
Is 2669 composite?
True
Is 405427 prime?
False
Is 10459 composite?
False
Is 464671 composite?
True
Is 132283 a composite number?
False
Is 7283 a prime number?
True
Is 250777 a prime number?
True
Is 6499 composite?
True
Is 16043 composite?
True
Is 46571 composite?
True
Is 149269 a composite number?
False
Is 20611 a composite number?
False
Is 511738 a composite number?
True
Is 8245855 a prime number?
False
Is 3985 a